{"id":46,"date":"2017-06-11T21:33:39","date_gmt":"2017-06-11T19:33:39","guid":{"rendered":"http:\/\/www.lachy.h2g.pl\/Blog\/?page_id=46"},"modified":"2017-06-12T12:11:37","modified_gmt":"2017-06-12T10:11:37","slug":"kontakt","status":"publish","type":"page","link":"http:\/\/www.lachy.h2g.pl\/Blog\/kontakt\/","title":{"rendered":"Kontakt"},"content":{"rendered":"<h5 style=\"text-align: center; font-weight: normal; color: #ff6663;\">Je\u015bli masz zamiar nas obra\u017ca\u0107, udowadnia\u0107, \u017ce jeste\u015b kretynem &#8211; to lepiej do nas nie pisz!<\/h5>\n<p>&nbsp;<\/p>\n<p style=\"text-align: left;\">\n<div class=\"wpcf7 no-js\" id=\"wpcf7-f45-o1\" lang=\"pl-PL\" dir=\"ltr\">\n<div class=\"screen-reader-response\"><p role=\"status\" aria-live=\"polite\" aria-atomic=\"true\"><\/p> <ul><\/ul><\/div>\n<form action=\"\/Blog\/wp-json\/wp\/v2\/pages\/46#wpcf7-f45-o1\" method=\"post\" class=\"wpcf7-form init\" aria-label=\"Formularz kontaktowy\" novalidate=\"novalidate\" data-status=\"init\">\n<div style=\"display: none;\">\n<input type=\"hidden\" name=\"_wpcf7\" value=\"45\" \/>\n<input type=\"hidden\" name=\"_wpcf7_version\" value=\"5.8.1\" \/>\n<input type=\"hidden\" name=\"_wpcf7_locale\" value=\"pl_PL\" \/>\n<input type=\"hidden\" name=\"_wpcf7_unit_tag\" value=\"wpcf7-f45-o1\" \/>\n<input type=\"hidden\" name=\"_wpcf7_container_post\" value=\"0\" \/>\n<input type=\"hidden\" name=\"_wpcf7_posted_data_hash\" value=\"\" \/>\n<\/div>\n<p><label> Imi\u0119 i nazwisko (wymagane)<br \/>\n<span class=\"wpcf7-form-control-wrap\" data-name=\"your-name\"><input size=\"40\" class=\"wpcf7-form-control wpcf7-text wpcf7-validates-as-required\" aria-required=\"true\" aria-invalid=\"false\" value=\"\" type=\"text\" name=\"your-name\" \/><\/span> <\/label>\n<\/p>\n<p><label> Adres email (wymagane)<br \/>\n<span class=\"wpcf7-form-control-wrap\" data-name=\"your-email\"><input size=\"40\" class=\"wpcf7-form-control wpcf7-email wpcf7-validates-as-required wpcf7-text wpcf7-validates-as-email\" aria-required=\"true\" aria-invalid=\"false\" value=\"\" type=\"email\" name=\"your-email\" \/><\/span> <\/label>\n<\/p>\n<p><label> Temat<br \/>\n<span class=\"wpcf7-form-control-wrap\" data-name=\"your-subject\"><input size=\"40\" class=\"wpcf7-form-control wpcf7-text\" aria-invalid=\"false\" value=\"\" type=\"text\" name=\"your-subject\" \/><\/span> <\/label>\n<\/p>\n<p><label> Tre\u015b\u0107 wiadomo\u015bci<br \/>\n<span class=\"wpcf7-form-control-wrap\" data-name=\"your-message\"><textarea cols=\"40\" rows=\"10\" class=\"wpcf7-form-control wpcf7-textarea\" aria-invalid=\"false\" name=\"your-message\"><\/textarea><\/span> <\/label>\n<\/p>\n<p><input class=\"wpcf7-form-control wpcf7-submit has-spinner\" type=\"submit\" value=\"Wy\u015blij\" \/>\n<\/p><div class=\"wpcf7-response-output\" aria-hidden=\"true\"><\/div>\n<\/form>\n<\/div>\n<\/p>\n","protected":false},"excerpt":{"rendered":"<p>Je\u015bli masz zamiar nas obra\u017ca\u0107, udowadnia\u0107, \u017ce jeste\u015b kretynem &#8211; to lepiej do nas nie pisz! &nbsp;<\/p>\n","protected":false},"author":1,"featured_media":0,"parent":0,"menu_order":6,"comment_status":"closed","ping_status":"closed","template":"","meta":{"_mi_skip_tracking":false,"_exactmetrics_sitenote_active":false,"_exactmetrics_sitenote_note":"","_exactmetrics_sitenote_category":0,"jetpack_post_was_ever_published":false,"footnotes":""},"jetpack_sharing_enabled":true,"jetpack_shortlink":"https:\/\/wp.me\/P8QmK7-K","jetpack-related-posts":[{"id":377,"url":"http:\/\/www.lachy.h2g.pl\/Blog\/lechita-oswiecony\/","url_meta":{"origin":46,"position":0},"title":"Lechita O\u015bwiecony","author":"Boguchwa\u0142","date":"26 czerwca 2017","format":false,"excerpt":"Lechita O\u015bwiecony \u2013\u00a0Prometeusz Wiedy \u00a0 \u00a0 \u00a0 Strona po\u015bwi\u0119cona naukowym badaniom i naukowym publikacjom po\u015bwi\u0119conym Lechitom i Pras\u0142owianom. O tym, co w nauce wspiera lechicki punkt widzenia, o tym co w nauce nas cieszy! Wieda S\u0142owia\u0144ska i Wieda Lechicka! \u00a0 Jako pierwszy materia\u0142 polecamy: \u21d2 Nowe badania genetyczne S\u0142owian w\u2026","rel":"","context":"Similar post","block_context":{"text":"Similar post","link":""},"img":{"alt_text":"","src":"","width":0,"height":0},"classes":[]},{"id":391,"url":"http:\/\/www.lachy.h2g.pl\/Blog\/o-bogi\/","url_meta":{"origin":46,"position":1},"title":"O Bogi!","author":"Boguchwa\u0142","date":"27 czerwca 2017","format":false,"excerpt":"\u015awi\u0119tawit, Prowe oraz Swarog tu rz\u0105dz\u0105!!! \u00a0 Tu b\u0119dzie s\u0142\u00f3w m\u0105drych nieco o bogach s\u0142owia\u0144skich i lechickich. Perun gromowy, Nyja z Gniezna, Simurg z Rusi i Sziwa z Po\u0142abia! \u00a0 Galeria ze s\u0142owia\u0144skimi bogami: Sztuka S\u0142owia\u0144ska \u2013 Bogumi\u0142 Znicz \u2013 cz\u0119\u015b\u0107 1 Sztuka S\u0142owia\u0144ska \u2013 Bogumi\u0142 Znicz \u2013 cz\u0119\u015b\u0107 2\u2026","rel":"","context":"Similar post","block_context":{"text":"Similar post","link":""},"img":{"alt_text":"","src":"","width":0,"height":0},"classes":[]},{"id":388,"url":"http:\/\/www.lachy.h2g.pl\/Blog\/zgroza\/","url_meta":{"origin":46,"position":2},"title":"Zgroza!","author":"Rokosz","date":"27 czerwca 2017","format":false,"excerpt":"Na tej stronie zajmiemy si\u0119 licznemi spiskami co w Lechit\u00f3w mocno godz\u0105 \u00a0 Tu poczytacie konkretnie, kto gdzie i kiedy nasz\u0105 pami\u0119\u0107 lechick\u0105 nie\u015bmierteln\u0105 niszczy\u0142. Kto Lechit\u00f3w nienawidzi i obcym s\u0142u\u017cy dla korzy\u015bci niegodnych. \u00a0 Czyli o paleniu ksi\u0105g lechickich. Najsamprz\u00f3d \u00a0\u21d2 \u00a0NRD i agenci STASI kontra Lechici O tym\u2026","rel":"","context":"Similar post","block_context":{"text":"Similar post","link":""},"img":{"alt_text":"","src":"","width":0,"height":0},"classes":[]},{"id":162,"url":"http:\/\/www.lachy.h2g.pl\/Blog\/linki\/","url_meta":{"origin":46,"position":3},"title":"Linki","author":"Rokosz","date":"13 czerwca 2017","format":false,"excerpt":"Witryny po\u017cyteczne dla ka\u017cdego Lechity \u00a0 Blog Czes\u0142awa Bia\u0142czy\u0144skiego - geniusz z Krakowa, samiec alfa rodzimowierc\u00f3w Blog Paw\u0142a Szyd\u0142owskiego - zawo\u0142any Turbo-Lechita i antykleryka\u0142 Blog Ruda Web - rasowy Turbo-Lechita Turbos\u0142owianie dla zalogowanych -\u00a0elitarny kr\u0105g Zrzeszenie S\u0142owian - rodzimowiercy, neopoganie, Turbo-Lechici, Turbo-S\u0142owianie S\u0142owianie\u2013Wiara Przyrodzona - Turbo-Lechici, rodzimowierstwo i neopoga\u0144stwo Lech\/Lah\/Polah\u2026","rel":"","context":"Similar post","block_context":{"text":"Similar post","link":""},"img":{"alt_text":"","src":"","width":0,"height":0},"classes":[]}],"_links":{"self":[{"href":"http:\/\/www.lachy.h2g.pl\/Blog\/wp-json\/wp\/v2\/pages\/46"}],"collection":[{"href":"http:\/\/www.lachy.h2g.pl\/Blog\/wp-json\/wp\/v2\/pages"}],"about":[{"href":"http:\/\/www.lachy.h2g.pl\/Blog\/wp-json\/wp\/v2\/types\/page"}],"author":[{"embeddable":true,"href":"http:\/\/www.lachy.h2g.pl\/Blog\/wp-json\/wp\/v2\/users\/1"}],"replies":[{"embeddable":true,"href":"http:\/\/www.lachy.h2g.pl\/Blog\/wp-json\/wp\/v2\/comments?post=46"}],"version-history":[{"count":15,"href":"http:\/\/www.lachy.h2g.pl\/Blog\/wp-json\/wp\/v2\/pages\/46\/revisions"}],"predecessor-version":[{"id":122,"href":"http:\/\/www.lachy.h2g.pl\/Blog\/wp-json\/wp\/v2\/pages\/46\/revisions\/122"}],"wp:attachment":[{"href":"http:\/\/www.lachy.h2g.pl\/Blog\/wp-json\/wp\/v2\/media?parent=46"}],"curies":[{"name":"wp","href":"https:\/\/api.w.org\/{rel}","templated":true}]}}